+ 60. Suppose 8 = 11*x - 7*x. Let t(n) = x*n + 4*n + 6 - 2*n - 3*n. Calculate t(p).
-3
Let u(d) = -d**3 - 2*d**2 + 6*d + 11. Let l be u(-3). Let k(b) = -4*b + 5 - 2*b**2 - b**2 + 2*b**l - 1. Determine k(-4).
4
Suppose -3*t - 444 = 3*t. Let v = -82 - t. Let y(r) = r**2 + 7*r - 6. Give y(v).
2
Suppose 5*p = -d + 15, 5*p + 6*d = 8*d + 30. Let b(s) = s**3 - 6*s**2 + 5*s + 3. What is b(p)?
-9
Let i(t) = -t - 3. Let v = 605 + -597. Determine i(v).
-11
Let r(s) = s**2 - 2*s + 2. Let q be r(4). Let f be 1/5 - 2/q. Let y(a) be the first derivative of -a**2/2 - 9*a - 1. What is y(f)?
-9
Let m(d) be the first derivative of d**5/120 + d**4/12 - 4*d**3 - 9. Let h(r) be the third derivative of m(r). Calculate h(-3).
-1
Suppose -i - 3*m - 20 = -5*i, 0 = 2*i - 5*m + 4. Let f(d) = -d + 1. Give f(i).
-7
Suppose 3*i - 4*i = -3. Let q(a) be the second derivative of -a**4/6 + 5*a**3/6 - 3*a**2/2 + 3*a. Calculate q(i).
-6
Let r(b) be the second derivative of b**5/20 + 4*b**4/3 + 8*b**3/3 + 8*b**2 - 104*b. Calculate r(-15).
1
Let g be (-2)/6 - (-36)/27. Let l(v) = 0 + 2*v + g - 5*v - 2*v. Determine l(-1).
6
Let f(p) = p**3 - 10*p**2 - 11*p. Let z be f(11). Let i(q) = -q**3 + q**2 - 16. Calculate i(z).
-16
Let v(y) = 2*y - 26. Let i be v(13). Let r(t) = 3*t - t - 3*t + i - 3. Determine r(-4).
1
Let v(s) be the first derivative of -s**2/2 + 17*s - 267. Calculate v(7).
10
Let p(l) = l**3 + 4*l**2 - 4*l + 11. Suppose -2*h - y + 8 = 15, 0 = -5*h + y - 28. Calculate p(h).
6
Suppose 0 + 3 = 3*n, 35 = -5*o + 5*n. Let x be 16/(-40)*(-6 + 1). Let d(a) = -4 - 15*a**x + 12*a**2 + 4*a**2 + 6*a. What is d(o)?
-4
Let a(x) be the second derivative of 4*x + 0 - 1/2*x**2 - 1/20*x**5 + 5/6*x**3 + 1/3*x**4. Suppose -6*i - 1 = -31. Determine a(i).
-1
Let x be (-8)/6*(2 + -5). Suppose -2*p = 4*j + 14, -x*j + 4*p = -j - 17. Let t(u) = -u**2. Give t(j).
-1
Let d(v) be the second derivative of 9*v**5/10 - v**3/6 - 25*v. Suppose -2*r + 4 = 6. Calculate d(r).
-17
Suppose -5*w + 15 = -0*j - 5*j, -4*w - 4 = 0. Let p(u) = 2*u**3 + 5*u**2 - 3*u - 6. Determine p(j).
-42
Let r be (-10)/35 + 184/56. Let w(p) be the first derivative of 1 + 1/4*p**4 - 2*p + 1/2*p**2 - 2/3*p**r. Calculate w(2).
0
Let j(l) = -44*l - 44. Let o(y) = 10*y + 11. Let n(m) = -2*j(m) - 9*o(m). Calculate n(-6).
1
Let j be 2*39 + -4 + 0. Let d(c) = -40*c - 38*c + j*c - 4. Calculate d(-6).
20
Let u(m) = -2*m**2 - 339*m**3 + 338*m**3 - 5 - 2*m**2 + 2*m. Give u(-4).
-13
Let j(g) = -2*g - 6. Let h = -16 - -20. Suppose h*m = 21 - 49. What is j(m)?
8
Let o = 53 + -50. Suppose 0*f + f - 19 = 4*l, 21 = 3*f - o*l. Let t(d) = 5*d + 1. Determine t(f).
16
Let x be (-3)/12*-1 + (-352)/(-128). Let j(d) be the second derivative of 0 + 1/2*d**2 - 1/6*d**x + 3*d. Give j(-3).
4
Let d(l) be the first derivative of -2 - 1/2*l**2 - 9*l. Suppose -995*s + 996*s + 7 = 0. Calculate d(s).
-2
Let y(w) = -w**2 - 4*w + 2. Let n(r) = r**2 - 6*r - 1. Let i(a) = a**3 + a**2 - a + 5. Let s be i(0). Let b be n(s). Let t be b + -3*3/(-9). Calculate y(t).
-3
Let j(z) = -14*z - 2. Let x(a) = -3*a - 2. Let v(h) = 2*j(h) - 4*x(h). What is v(-2)?
36
Let a(t) = -4*t - 2. Let l(x) = 13*x + 5. Let k(f) = 8*a(f) + 3*l(f). Let o(b) = -b**2 - 21*b + 73. Let z be o(-24). Determine k(z).
6
Let q(b) be the first derivative of b**6/120 - 3*b**5/20 + 3*b**4/8 - 5*b**3/6 - 17*b**2 + 35. Let c(z) be the second derivative of q(z). Give c(8).
3
Suppose 0 = 3*u - 7*u + 124. Let f = -34 + u. Let d(y) = -y**3 - 4*y**2 - 2*y + 1. What is d(f)?
-2
Let i(x) = x - 65. Let y(l) = -37. Let h(f) = -4*i(f) + 7*y(f). Let q = 0 + -3. Determine h(q).
13
Let c(y) = y**2 + 6*y. Let t(g) = -g**2 - 7*g - 1. Let h(b) = -3*c(b) - 2*t(b). Calculate h(-6).
-10
Let g be (27/(-12))/((-3)/4). Let j(t) = 4*t + 6. Determine j(g).
18
Let x = -11 - -7. Let p(y) be the first derivative of 7*y**2 + 10*y - 5. Let l(q) = 5*q + 3. Let a(c) = 8*l(c) - 3*p(c). What is a(x)?
2
Let s(b) = -3*b**2 + 8*b + 11. Let q(w) = -2*w**2 + 4*w + 6. Let y = 81 + -84. Let o(d) = y*s(d) + 5*q(d). Determine o(-2).
1
Let u(m) = -2*m - 6. Suppose 0 = 4*q - q - 24. Let x(o) = q*o - 4*o**3 - 4*o**3 - 6*o - o. Let r be x(1). Calculate u(r).
8
Let u(r) be the third derivative of r**6/120 + 3*r**5/20 + 3*r**4/8 + 4*r**3/3 + r**2. Suppose 2*w + 21 = b, 3*w - 2*b + 29 = -b. What is u(w)?
0
Let i(r) be the first derivative of -4*r**2 - 1/3*r**3 - 2 + 7*r. Let k be i(-8). Let d(q) = -q**2 + 6*q. What is d(k)?
-7
Let x(n) = -2*n + 7. Let k be x(1). Let i(w) = -w**2. Calculate i(k).
-25
Let l(w) = 39 - 27 + 5*w - 13. Let n(h) = -h**2 - 6*h - 6. Let i be n(-5). What is l(i)?
-6
Let n(d) be the third derivative of -d**6/120 + d**5/60 + d**4/12 + d**3/6 - d**2. Let u be 1 + 7 + (-5)/(10/12). What is n(u)?
1
Let l(i) = -2*i**3 - 3*i**2 - 3*i - 2. Let q(b) = -54*b + 52. Let c be q(1). Give l(c).
8
Let u(q) be the third derivative of 1/24*q**4 - 16*q**2 - 5/6*q**3 + 0*q - 1/60*q**5 + 0. Determine u(0).
-5
Let h be 4*(-8 - -6) - -6. Let u(l) = -4*l + 2. Determine u(h).
10
Let c = -106 - -114. Let r(w) = 6*w - c + 5 + 0 + w**2. Let n be (-16 + 2)*(-1)/(-2). What is r(n)?
4
Let d = 1 - -3. Let p = 15 - 13. Let s(i) = 3*i**3 - 4*i**3 + 604*i**2 - 599*i**p - 6*i + 6. Determine s(d).
-2
Let u(h) be the first derivative of -2*h - 2*h**2 - 1/4*h**4 + 7/3*h**3 + 5. What is u(6)?
10
Let g(a) be the second derivative of a**4/12 + 2*a**3 - a**2/2 + 135*a. What is g(-9)?
-28
Let j(w) be the first derivative of w**3/3 - 5*w**2/2 - w - 29. What is j(4)?
-5
Let g be (-6 - -7)*(5 + -3). Let o(r) = r - 15 + g + 8. Calculate o(5).
0
Let s(x) = 5*x - 1. Let l be s(5). Let p = l - 20. Let j(r) be the third derivative of -r**5/60 + r**4/4 - 2*r**3/3 + 2*r**2. Determine j(p).
4
Let p(g) be the second derivative of g**5/20 + 3*g**4/4 - 11*g**3/6 + 5*g**2 + 79*g. Determine p(-10).
20
Let f = -694 + 696. Let j(k) = -3*k**2 + 3*k + 14. Let w(z) = 2*z - 2*z + 5 - z**2 + z. Let s(r) = -3*j(r) + 8*w(r). Give s(f).
0
Let q(l) = -l**3 + 6*l**2 + 7*l - 2. Let v be q(7). Let i(y) = -6*y**2 - 3*y. What is i(v)?
-18
Let h(i) be the first derivative of i**5/20 - i**4/4 + i**3/2 - 3*i**2/2 + 27*i - 29. Let b(t) be the first derivative of h(t). What is b(2)?
-1
Suppose -v = -2*z - 7, 13*z = -2*v + 14*z + 14. Let t(b) = b**2 - 6*b + 16. Calculate t(v).
23
Let f(q) = -q**3 + 2*q**2 - 12*q + 5. Let n be 10 - 11 - (2 - (-3 + 2)). Let o(c) = c**2 + c. Let k(i) = n*o(i) - f(i). What is k(5)?
10
Suppose -2*c + 2*l = 0, -2*l + 1 = -5. Let g = c - 5. Let p(y) = y**2 - 1. Determine p(g).
3
Let v(q) be the first derivative of -q**2 - 4*q + 2. Let l be (-88)/(-16) + 1/(-2). Give v(l).
-14
Let q(r) = 7*r + 3. Let f(a) = 9*a + 4. Let p(s) = 4*f(s) - 5*q(s). Calculate p(1).
2
Let c = -320 - -323. Let n(x) = 3 + 3*x + 0*x - x. Determine n(c).
9
Suppose 105 = 5*z + 80. Let x(j) = 6 + 10*j - z - 2*j. Give x(-1).
-7
Let g be ((-1)/(-2) + -5)*4/(-3). Suppose -5*y - 21 = 2*h, 4*y - 5*h + g = -3*h. Let r(d) = 4*d + 3. Give r(y).
-9
Let q(v) = -v**2 - 27*v + 62. Let o be q(-29). Let i(y) be the third derivative of 0*y + 0 + 1/2*y**3 - 1/24*y**o + 2*y**2. Calculate i(5).
-2
Let a(b) be the first derivative of -b**2/2 - b - 38. Give a(-4).
3
Let z(k) = 22*k + 2 - 6*k - 10*k + k**2 - 8*k. Give z(3).
5
Let d be -1 + (-12)/(-8) - (-46)/(-4). Let b(t) = -t**3 - 11*t**2 + 7. Give b(d).
7
Let b(p) = 0*p + 4 + 0*p - 3*p + 2. Let u be b(18). Let x be u/(-22) + (-28)/154. Let i(h) = -3*h + 3. What is i(x)?
-3
Let x(v) = 16*v**2 + v**2 + 13 + v + 0*v - v + v**3. Determine x(-17).
13
Let d(t) = -t**2 + 11*t - 16. Let y be d(9). Let c(v) = -4*v - 7 + 1 - y*v**2 - 4*v**2 + 2*v - v**3. What is c(-6)?
6
Let s(g) = -g**3 - 13*g**2 - 2*g - 18. Let y = -826 - -813. Calculate s(y).
8
Suppose -2*r + q = 6, 2*r - 2*q = 3*q - 6. Let k be (8 - 6/(-3)) + r. Let u(f) = -2 - 2 + k + 0*f + 4*f + 4*f**2 + f**3. Give u(-3).
0
Suppose -13 = -5*y + 2. Let w(h) be the first derivative of -h**4/12 + h**3/3 + 5*h**2/2 + 3. Let m(d) be the second derivative of w(d). Determine m(y).
-4
Let b(j) = j**2 + 4*j + 4. Suppose -2*g - 24 = -5*c + 77, 0 = c + g - 23. Suppose -o + 6*o + c = u, 4*o = 5*u. Determine b(u).
4
Suppose -4*u - 15 + 7 = 4*x, -x = -4. Let c(a) = -a**3 - 5*a**2 + 5*a - 8. What is c(u)?
-2
Suppose 0 = 2*n - s - 27, -4 = -4*s - 0. Let